{"id":7330,"date":"2024-06-14T09:24:26","date_gmt":"2024-06-14T09:24:26","guid":{"rendered":"https:\/\/aickelin.eu\/cms\/?page_id=7330"},"modified":"2025-07-30T15:06:02","modified_gmt":"2025-07-30T15:06:02","slug":"hywood","status":"publish","type":"page","link":"https:\/\/aickelin.eu\/cms\/hywood\/","title":{"rendered":"Hywood"},"content":{"rendered":"\t\t<div data-elementor-type=\"wp-page\" data-elementor-id=\"7330\" class=\"elementor elementor-7330\">\n\t\t\t\t\t\t<section class=\"elementor-section elementor-top-section elementor-element elementor-element-18e154bd elementor-section-boxed elementor-section-height-default elementor-section-height-default\" data-id=\"18e154bd\" data-element_type=\"section\" data-e-type=\"section\">\n\t\t\t\t\t\t<div class=\"elementor-container elementor-column-gap-default\">\n\t\t\t\t\t<div class=\"elementor-column elementor-col-100 elementor-top-column elementor-element elementor-element-7c954414\" data-id=\"7c954414\" data-element_type=\"column\" data-e-type=\"column\">\n\t\t\t<div class=\"elementor-widget-wrap elementor-element-populated\">\n\t\t\t\t\t\t<div class=\"elementor-element elementor-element-548a7d8 elementor-widget elementor-widget-text-editor\" data-id=\"548a7d8\" data-element_type=\"widget\" data-e-type=\"widget\" data-widget_type=\"text-editor.default\">\n\t\t\t\t<div class=\"elementor-widget-container\">\n\t\t\t\t\t\t\t\t\t<h1><strong>Ein echter Hybrid<\/strong><\/h1><p>Er ist aus echtem Holz, aber er ist kein Parkett.<br \/>Er ist hochbest\u00e4ndig, aber er ist kein Designboden.<\/p><p>Er verbindet das Beste aus zwei Welten und formt daraus etwas Neues.<br \/>Genau das ist: <strong>Hywood, der hochbest\u00e4ndige Echtholz-Hybridboden.<\/strong><\/p><p>Hywood kommt aus der Welt des Holzes, denn er ist aus Holz \u2013 durch und durch.<br \/>Er ist echt, er ist wertig, er ist nat\u00fcrlich sch\u00f6n. Und er ist vor allem: sinnlich. Er hat all das, was man sich von Holz einfach w\u00fcnscht.<\/p>\t\t\t\t\t\t\t\t<\/div>\n\t\t\t\t<\/div>\n\t\t\t\t\t<\/div>\n\t\t<\/div>\n\t\t\t\t\t<\/div>\n\t\t<\/section>\n\t\t\t\t<section class=\"elementor-section elementor-top-section elementor-element elementor-element-5d6d86e elementor-section-boxed elementor-section-height-default elementor-section-height-default\" data-id=\"5d6d86e\" data-element_type=\"section\" data-e-type=\"section\">\n\t\t\t\t\t\t<div class=\"elementor-container elementor-column-gap-default\">\n\t\t\t\t\t<div class=\"elementor-column elementor-col-50 elementor-top-column elementor-element elementor-element-a385589\" data-id=\"a385589\" data-element_type=\"column\" data-e-type=\"column\">\n\t\t\t<div class=\"elementor-widget-wrap elementor-element-populated\">\n\t\t\t\t\t\t<div class=\"elementor-element elementor-element-cd6d0a5 elementor-widget elementor-widget-image\" data-id=\"cd6d0a5\" data-element_type=\"widget\" data-e-type=\"widget\" data-widget_type=\"image.default\">\n\t\t\t\t<div class=\"elementor-widget-container\">\n\t\t\t\t\t\t\t\t\t\t\t\t\t\t\t<img fetchpriority=\"high\" decoding=\"async\" width=\"940\" height=\"285\" src=\"https:\/\/aickelin.eu\/cms\/wp-content\/uploads\/2022\/10\/Parkett-1024x310.png\" class=\"attachment-large size-large wp-image-6705\" alt=\"\" srcset=\"https:\/\/aickelin.eu\/cms\/wp-content\/uploads\/2022\/10\/Parkett-1024x310.png 1024w, https:\/\/aickelin.eu\/cms\/wp-content\/uploads\/2022\/10\/Parkett-300x91.png 300w, https:\/\/aickelin.eu\/cms\/wp-content\/uploads\/2022\/10\/Parkett-768x232.png 768w, https:\/\/aickelin.eu\/cms\/wp-content\/uploads\/2022\/10\/Parkett-1536x465.png 1536w, https:\/\/aickelin.eu\/cms\/wp-content\/uploads\/2022\/10\/Parkett-1366x413.png 1366w, https:\/\/aickelin.eu\/cms\/wp-content\/uploads\/2022\/10\/Parkett.png 1824w\" sizes=\"(max-width: 940px) 100vw, 940px\" title=\"Parkett\" \/>\t\t\t\t\t\t\t\t\t\t\t\t\t\t\t<\/div>\n\t\t\t\t<\/div>\n\t\t\t\t\t<\/div>\n\t\t<\/div>\n\t\t\t\t<div class=\"elementor-column elementor-col-50 elementor-top-column elementor-element elementor-element-2e66884\" data-id=\"2e66884\" data-element_type=\"column\" data-e-type=\"column\">\n\t\t\t<div class=\"elementor-widget-wrap\">\n\t\t\t\t\t\t\t<\/div>\n\t\t<\/div>\n\t\t\t\t\t<\/div>\n\t\t<\/section>\n\t\t\t\t<section class=\"elementor-section elementor-top-section elementor-element elementor-element-956f041 elementor-section-boxed elementor-section-height-default elementor-section-height-default\" data-id=\"956f041\" data-element_type=\"section\" data-e-type=\"section\">\n\t\t\t\t\t\t<div class=\"elementor-container elementor-column-gap-default\">\n\t\t\t\t\t<div class=\"elementor-column elementor-col-50 elementor-top-column elementor-element elementor-element-90cf6e3\" data-id=\"90cf6e3\" data-element_type=\"column\" data-e-type=\"column\">\n\t\t\t<div class=\"elementor-widget-wrap elementor-element-populated\">\n\t\t\t\t\t\t<div class=\"elementor-element elementor-element-a8ecd35 elementor-widget elementor-widget-text-editor\" data-id=\"a8ecd35\" data-element_type=\"widget\" data-e-type=\"widget\" data-widget_type=\"text-editor.default\">\n\t\t\t\t<div class=\"elementor-widget-container\">\n\t\t\t\t\t\t\t\t\t<p>Und dennoch ist Hywood einem Boden aus Holz deutlich \u00fcberlegen, denn Hywood nutzt eine Kombination aus drei Technologien \u2013 allen voran Wood Powder. Zusammen machen sie ihn hochbest\u00e4ndig \u2013 gegen Wasser, tiefe Kratzer, Druckstellen und Schmutz.<\/p><p>Gegen alles, was ein Boden t\u00e4glich leisten muss, wenn man intensiv auf ihm und mit ihm lebt.<\/p><p>Und trotz seiner \u00dcberlegenheit bleibt sich Hywood im Kern treu, denn er ist ein echtes Holzprodukt \u2013 nat\u00fcrlich, nachhaltig und wohngesund.<\/p><p>Hywood ist f\u00fcr Menschen, die Holz lieben und wollen, aber gleichzeitig keine Kompromisse machen, wenn es um Funktion geht \u2013 und das zu einem attraktiven Preis.<\/p>\t\t\t\t\t\t\t\t<\/div>\n\t\t\t\t<\/div>\n\t\t\t\t\t<\/div>\n\t\t<\/div>\n\t\t\t\t<div class=\"elementor-column elementor-col-50 elementor-top-column elementor-element elementor-element-deada7c\" data-id=\"deada7c\" data-element_type=\"column\" data-e-type=\"column\">\n\t\t\t<div class=\"elementor-widget-wrap\">\n\t\t\t\t\t\t\t<\/div>\n\t\t<\/div>\n\t\t\t\t\t<\/div>\n\t\t<\/section>\n\t\t\t\t<section class=\"elementor-section elementor-top-section elementor-element elementor-element-f54b295 elementor-section-boxed elementor-section-height-default elementor-section-height-default\" data-id=\"f54b295\" data-element_type=\"section\" data-e-type=\"section\">\n\t\t\t\t\t\t<div class=\"elementor-container elementor-column-gap-default\">\n\t\t\t\t\t<div class=\"elementor-column elementor-col-100 elementor-top-column elementor-element elementor-element-52bb2bf\" data-id=\"52bb2bf\" data-element_type=\"column\" data-e-type=\"column\">\n\t\t\t<div class=\"elementor-widget-wrap elementor-element-populated\">\n\t\t\t\t\t\t<div class=\"elementor-element elementor-element-e059f90 elementor-widget elementor-widget-text-editor\" data-id=\"e059f90\" data-element_type=\"widget\" data-e-type=\"widget\" data-widget_type=\"text-editor.default\">\n\t\t\t\t<div class=\"elementor-widget-container\">\n\t\t\t\t\t\t\t\t\t<h6 style=\"text-align: right;\"><em>Texte und Bilder mit freundlicher Genehmigung der<span>\u00a0<\/span><a href=\"https:\/\/www.terhuerne.com\/\" target=\"_blank\" rel=\"noopener\">ter H\u00fcrne GmbH &amp; Co. KG<\/a>.<\/em><\/h6>\t\t\t\t\t\t\t\t<\/div>\n\t\t\t\t<\/div>\n\t\t\t\t\t<\/div>\n\t\t<\/div>\n\t\t\t\t\t<\/div>\n\t\t<\/section>\n\t\t\t\t<section class=\"elementor-section elementor-top-section elementor-element elementor-element-26a3cbc elementor-section-boxed elementor-section-height-default elementor-section-height-default\" data-id=\"26a3cbc\" data-element_type=\"section\" data-e-type=\"section\">\n\t\t\t\t\t\t<div class=\"elementor-container elementor-column-gap-default\">\n\t\t\t\t\t<div class=\"elementor-column elementor-col-100 elementor-top-column elementor-element elementor-element-06004ea\" data-id=\"06004ea\" data-element_type=\"column\" data-e-type=\"column\">\n\t\t\t<div class=\"elementor-widget-wrap elementor-element-populated\">\n\t\t\t\t\t\t<div class=\"elementor-element elementor-element-3bf69b5 elementor-widget elementor-widget-image\" data-id=\"3bf69b5\" data-element_type=\"widget\" data-e-type=\"widget\" data-widget_type=\"image.default\">\n\t\t\t\t<div class=\"elementor-widget-container\">\n\t\t\t\t\t\t\t\t\t\t\t\t\t\t\t\t<a href=\"https:\/\/aickelin.eu\/cms\/hywood-von-ter-huerne-im-detail\/\">\n\t\t\t\t\t\t\t<img decoding=\"async\" width=\"300\" height=\"105\" src=\"https:\/\/aickelin.eu\/cms\/wp-content\/uploads\/2025\/07\/Buttons-Hywood-300x105.png\" class=\"attachment-medium size-medium wp-image-8351\" alt=\"\" srcset=\"https:\/\/aickelin.eu\/cms\/wp-content\/uploads\/2025\/07\/Buttons-Hywood-300x105.png 300w, https:\/\/aickelin.eu\/cms\/wp-content\/uploads\/2025\/07\/Buttons-Hywood-1024x358.png 1024w, https:\/\/aickelin.eu\/cms\/wp-content\/uploads\/2025\/07\/Buttons-Hywood-768x268.png 768w, https:\/\/aickelin.eu\/cms\/wp-content\/uploads\/2025\/07\/Buttons-Hywood-1536x537.png 1536w, https:\/\/aickelin.eu\/cms\/wp-content\/uploads\/2025\/07\/Buttons-Hywood-480x168.png 480w, https:\/\/aickelin.eu\/cms\/wp-content\/uploads\/2025\/07\/Buttons-Hywood.png 1689w\" sizes=\"(max-width: 300px) 100vw, 300px\" title=\"Buttons-Hywood\" \/>\t\t\t\t\t\t\t\t<\/a>\n\t\t\t\t\t\t\t\t\t\t\t\t\t\t\t<\/div>\n\t\t\t\t<\/div>\n\t\t\t\t\t<\/div>\n\t\t<\/div>\n\t\t\t\t\t<\/div>\n\t\t<\/section>\n\t\t\t\t<\/div>\n\t\t","protected":false},"excerpt":{"rendered":"<p>Ein echter Hybrid Er ist aus echtem Holz, aber er ist kein Parkett.Er ist hochbest\u00e4ndig, aber er ist kein Designboden. Er verbindet das Beste aus zwei Welten und formt daraus etwas Neues.Genau das ist: Hywood, der hochbest\u00e4ndige Echtholz-Hybridboden. Hywood kommt aus der Welt des Holzes, denn er ist aus Holz \u2013 durch und durch.Er ist [&hellip;]<\/p>\n","protected":false},"author":2,"featured_media":0,"parent":0,"menu_order":0,"comment_status":"closed","ping_status":"closed","template":"","meta":{"footnotes":""},"class_list":["post-7330","page","type-page","status-publish","hentry"],"aioseo_notices":[],"_links":{"self":[{"href":"https:\/\/aickelin.eu\/cms\/wp-json\/wp\/v2\/pages\/7330","targetHints":{"allow":["GET"]}}],"collection":[{"href":"https:\/\/aickelin.eu\/cms\/wp-json\/wp\/v2\/pages"}],"about":[{"href":"https:\/\/aickelin.eu\/cms\/wp-json\/wp\/v2\/types\/page"}],"author":[{"embeddable":true,"href":"https:\/\/aickelin.eu\/cms\/wp-json\/wp\/v2\/users\/2"}],"replies":[{"embeddable":true,"href":"https:\/\/aickelin.eu\/cms\/wp-json\/wp\/v2\/comments?post=7330"}],"version-history":[{"count":26,"href":"https:\/\/aickelin.eu\/cms\/wp-json\/wp\/v2\/pages\/7330\/revisions"}],"predecessor-version":[{"id":8360,"href":"https:\/\/aickelin.eu\/cms\/wp-json\/wp\/v2\/pages\/7330\/revisions\/8360"}],"wp:attachment":[{"href":"https:\/\/aickelin.eu\/cms\/wp-json\/wp\/v2\/media?parent=7330"}],"curies":[{"name":"wp","href":"https:\/\/api.w.org\/{rel}","templated":true}]}}