{"id":8018,"date":"2025-05-22T16:14:31","date_gmt":"2025-05-22T16:14:31","guid":{"rendered":"https:\/\/aickelin.eu\/cms\/?page_id=8018"},"modified":"2025-07-30T14:04:04","modified_gmt":"2025-07-30T14:04:04","slug":"hochwertige-bodenbelaege","status":"publish","type":"page","link":"https:\/\/aickelin.eu\/cms\/hochwertige-bodenbelaege\/","title":{"rendered":"Aickelin \u2013 Ihr Experte f\u00fcr hochwertige Bodenbel\u00e4ge"},"content":{"rendered":"\t\t<div data-elementor-type=\"wp-page\" data-elementor-id=\"8018\" class=\"elementor elementor-8018\">\n\t\t\t\t\t\t<section class=\"elementor-section elementor-top-section elementor-element elementor-element-18e154bd elementor-section-boxed elementor-section-height-default elementor-section-height-default\" data-id=\"18e154bd\" data-element_type=\"section\" data-e-type=\"section\">\n\t\t\t\t\t\t<div class=\"elementor-container elementor-column-gap-default\">\n\t\t\t\t\t<div class=\"elementor-column elementor-col-100 elementor-top-column elementor-element elementor-element-7c954414\" data-id=\"7c954414\" data-element_type=\"column\" data-e-type=\"column\">\n\t\t\t<div class=\"elementor-widget-wrap elementor-element-populated\">\n\t\t\t\t\t\t<div class=\"elementor-element elementor-element-548a7d8 elementor-widget elementor-widget-text-editor\" data-id=\"548a7d8\" data-element_type=\"widget\" data-e-type=\"widget\" data-widget_type=\"text-editor.default\">\n\t\t\t\t<div class=\"elementor-widget-container\">\n\t\t\t\t\t\t\t\t\t<h3 class=\"\" data-start=\"308\" data-end=\"353\">&#8211; Parkett \u2013 Nat\u00fcrlichkeit trifft Eleganz<\/h3><p class=\"\" data-start=\"355\" data-end=\"547\"><span class=\"relative -mx-px my-[-0.2rem] rounded px-px py-[0.2rem] transition-colors duration-100 ease-in-out\">Verleihen Sie Ihrem Zuhause mit echtem Holzboden eine warme und zeitlose Atmosph\u00e4re.<\/span>\u00a0<span class=\"relative -mx-px my-[-0.2rem] rounded px-px py-[0.2rem] transition-colors duration-100 ease-in-out\">Unsere Parkettb\u00f6den zeichnen sich durch ihre Langlebigkeit, Pflegeleichtigkeit und nat\u00fcrliche Sch\u00f6nheit aus.<\/span>\u00a0<span class=\"relative -mx-px my-[-0.2rem] rounded px-px py-[0.2rem] transition-colors duration-100 ease-in-out\">Ob Eiche, Buche oder Nussbaum \u2013 bei uns finden Sie die passende Holzart f\u00fcr Ihren Raum.<\/span>\u00a0<span class=\"relative -mx-px my-[-0.2rem] rounded px-px py-[0.2rem] transition-colors duration-100 ease-in-out\">Dank der M\u00f6glichkeit zur Renovierung durch Abschleifen bleibt Ihr Boden \u00fcber Jahre hinweg attraktiv<\/span><\/p>\t\t\t\t\t\t\t\t<\/div>\n\t\t\t\t<\/div>\n\t\t\t\t\t<\/div>\n\t\t<\/div>\n\t\t\t\t\t<\/div>\n\t\t<\/section>\n\t\t\t\t<section class=\"elementor-section elementor-top-section elementor-element elementor-element-3dab1aa elementor-section-boxed elementor-section-height-default elementor-section-height-default\" data-id=\"3dab1aa\" data-element_type=\"section\" data-e-type=\"section\">\n\t\t\t\t\t\t<div class=\"elementor-container elementor-column-gap-default\">\n\t\t\t\t\t<div class=\"elementor-column elementor-col-100 elementor-top-column elementor-element elementor-element-8d320f7\" data-id=\"8d320f7\" data-element_type=\"column\" data-e-type=\"column\">\n\t\t\t<div class=\"elementor-widget-wrap elementor-element-populated\">\n\t\t\t\t\t\t<div class=\"elementor-element elementor-element-3c0ba11 elementor-widget elementor-widget-text-editor\" data-id=\"3c0ba11\" data-element_type=\"widget\" data-e-type=\"widget\" data-widget_type=\"text-editor.default\">\n\t\t\t\t<div class=\"elementor-widget-container\">\n\t\t\t\t\t\t\t\t\t<h3 class=\"\" data-start=\"549\" data-end=\"606\">&#8211; Designb\u00f6den \u2013 Vielf\u00e4ltige Gestaltungsm\u00f6glichkeiten<\/h3><p class=\"\" data-start=\"608\" data-end=\"766\"><span class=\"relative -mx-px my-[-0.2rem] rounded px-px py-[0.2rem] transition-colors duration-100 ease-in-out\">Unsere Designb\u00f6den bieten Ihnen kreative Freiheiten bei der Raumgestaltung.<\/span>\u00a0<span class=\"relative -mx-px my-[-0.2rem] rounded px-px py-[0.2rem] transition-colors duration-100 ease-in-out\">Sie kombinieren die Vorteile moderner Materialien mit \u00e4sthetischem Design.<\/span>\u00a0<span class=\"relative -mx-px my-[-0.2rem] rounded px-px py-[0.2rem] transition-colors duration-100 ease-in-out\">Ob Vinyl, Kautschuk oder Linoleum \u2013 entdecken Sie pflegeleichte, strapazierf\u00e4hige und optisch ansprechende Bodenbel\u00e4ge, die Ihrem Raum Charakter verleihen<\/span><\/p>\t\t\t\t\t\t\t\t<\/div>\n\t\t\t\t<\/div>\n\t\t\t\t\t<\/div>\n\t\t<\/div>\n\t\t\t\t\t<\/div>\n\t\t<\/section>\n\t\t\t\t<section class=\"elementor-section elementor-top-section elementor-element elementor-element-b39db15 elementor-section-boxed elementor-section-height-default elementor-section-height-default\" data-id=\"b39db15\" data-element_type=\"section\" data-e-type=\"section\">\n\t\t\t\t\t\t<div class=\"elementor-container elementor-column-gap-default\">\n\t\t\t\t\t<div class=\"elementor-column elementor-col-100 elementor-top-column elementor-element elementor-element-6fb335f\" data-id=\"6fb335f\" data-element_type=\"column\" data-e-type=\"column\">\n\t\t\t<div class=\"elementor-widget-wrap elementor-element-populated\">\n\t\t\t\t\t\t<div class=\"elementor-element elementor-element-2b1bf5e elementor-widget elementor-widget-text-editor\" data-id=\"2b1bf5e\" data-element_type=\"widget\" data-e-type=\"widget\" data-widget_type=\"text-editor.default\">\n\t\t\t\t<div class=\"elementor-widget-container\">\n\t\t\t\t\t\t\t\t\t<h3 class=\"\" data-start=\"768\" data-end=\"815\">&#8211; Teppichb\u00f6den \u2013 Komfort und Gem\u00fctlichkeit<\/h3><p class=\"\" data-start=\"817\" data-end=\"975\"><span class=\"relative -mx-px my-[-0.2rem] rounded px-px py-[0.2rem] transition-colors duration-100 ease-in-out\">Teppichb\u00f6den sorgen f\u00fcr ein behagliches Raumklima.<\/span>\u00a0<span class=\"relative -mx-px my-[-0.2rem] rounded px-px py-[0.2rem] transition-colors duration-100 ease-in-out\">Sie sind nicht nur fu\u00dfwarm und schalld\u00e4mmend, sondern auch in zahlreichen Farben, Mustern und Materialien erh\u00e4ltlich.<\/span>\u00a0<span class=\"relative -mx-px my-[-0.2rem] rounded px-px py-[0.2rem] transition-colors duration-100 ease-in-out\">Ob Wolle, Velours oder Sisal \u2013 w\u00e4hlen Sie den Teppichboden, der perfekt zu Ihrem Stil und Ihren Bed\u00fcrfnissen passt.<\/span><\/p>\t\t\t\t\t\t\t\t<\/div>\n\t\t\t\t<\/div>\n\t\t\t\t\t<\/div>\n\t\t<\/div>\n\t\t\t\t\t<\/div>\n\t\t<\/section>\n\t\t\t\t<section class=\"elementor-section elementor-top-section elementor-element elementor-element-f72ff23 elementor-section-boxed elementor-section-height-default elementor-section-height-default\" data-id=\"f72ff23\" data-element_type=\"section\" data-e-type=\"section\">\n\t\t\t\t\t\t<div class=\"elementor-container elementor-column-gap-default\">\n\t\t\t\t\t<div class=\"elementor-column elementor-col-100 elementor-top-column elementor-element elementor-element-5cb5a41\" data-id=\"5cb5a41\" data-element_type=\"column\" data-e-type=\"column\">\n\t\t\t<div class=\"elementor-widget-wrap elementor-element-populated\">\n\t\t\t\t\t\t<div class=\"elementor-element elementor-element-90e53e7 elementor-widget elementor-widget-text-editor\" data-id=\"90e53e7\" data-element_type=\"widget\" data-e-type=\"widget\" data-widget_type=\"text-editor.default\">\n\t\t\t\t<div class=\"elementor-widget-container\">\n\t\t\t\t\t\t\t\t\t<h2 data-start=\"982\" data-end=\"1004\">Warum Aickelin?<\/h2>\t\t\t\t\t\t\t\t<\/div>\n\t\t\t\t<\/div>\n\t\t\t\t<div class=\"elementor-element elementor-element-c9c6140 elementor-widget elementor-widget-text-editor\" data-id=\"c9c6140\" data-element_type=\"widget\" data-e-type=\"widget\" data-widget_type=\"text-editor.default\">\n\t\t\t\t<div class=\"elementor-widget-container\">\n\t\t\t\t\t\t\t\t\t<ul><li data-start=\"1008\" data-end=\"1072\"><strong data-start=\"1008\" data-end=\"1031\">Vielf\u00e4ltige Auswahl<\/strong>:\u00a0<span class=\"relative -mx-px my-[-0.2rem] rounded px-px py-[0.2rem] transition-colors duration-100 ease-in-out\">Parkett, Designb\u00f6den und Teppichb\u00f6den in zahlreichen Varianten.<\/span><\/li><li data-start=\"1075\" data-end=\"1143\"><strong data-start=\"1075\" data-end=\"1102\">Hochwertige Materialien<\/strong>:\u00a0<span class=\"relative -mx-px my-[-0.2rem] rounded px-px py-[0.2rem] transition-colors duration-100 ease-in-out\">Nur ausgesuchte Produkte renommierter Hersteller.<\/span><\/li><li data-start=\"1146\" data-end=\"1210\"><strong data-start=\"1146\" data-end=\"1169\">Kompetente Beratung<\/strong>:\u00a0<span class=\"relative -mx-px my-[-0.2rem] rounded px-px py-[0.2rem] transition-colors duration-100 ease-in-out\">Individuelle Unterst\u00fctzung bei der Auswahl und Planung.<\/span><\/li><li data-start=\"1213\" data-end=\"1321\"><strong data-start=\"1213\" data-end=\"1241\">Professionelle Verlegung<\/strong>:\u00a0<span class=\"relative -mx-px my-[-0.2rem] rounded px-px py-[0.2rem] transition-colors duration-100 ease-in-out\">Erfahrene Handwerker sorgen f\u00fcr eine fachgerechte Umsetzung.<\/span><\/li><\/ul>\t\t\t\t\t\t\t\t<\/div>\n\t\t\t\t<\/div>\n\t\t\t\t\t<\/div>\n\t\t<\/div>\n\t\t\t\t\t<\/div>\n\t\t<\/section>\n\t\t\t\t<section class=\"elementor-section elementor-top-section elementor-element elementor-element-e2da54e elementor-section-boxed elementor-section-height-default elementor-section-height-default\" data-id=\"e2da54e\" data-element_type=\"section\" data-e-type=\"section\">\n\t\t\t\t\t\t<div class=\"elementor-container elementor-column-gap-default\">\n\t\t\t\t\t<div class=\"elementor-column elementor-col-100 elementor-top-column elementor-element elementor-element-6482887\" data-id=\"6482887\" data-element_type=\"column\" data-e-type=\"column\">\n\t\t\t<div class=\"elementor-widget-wrap elementor-element-populated\">\n\t\t\t\t\t\t<div class=\"elementor-element elementor-element-2a1efd5 elementor-widget elementor-widget-text-editor\" data-id=\"2a1efd5\" data-element_type=\"widget\" data-e-type=\"widget\" data-widget_type=\"text-editor.default\">\n\t\t\t\t<div class=\"elementor-widget-container\">\n\t\t\t\t\t\t\t\t\t<h3 class=\"\" data-start=\"1328\" data-end=\"1355\">Kontaktieren Sie uns<\/h3><p class=\"\" data-start=\"1357\" data-end=\"1475\">Lassen Sie sich von uns pers\u00f6nlich beraten und finden Sie den idealen Bodenbelag f\u00fcr Ihr Zuhause.<\/p><p class=\"\" data-start=\"1357\" data-end=\"1475\">Besuchen Sie uns in Neckarsulm oder kontaktieren Sie uns unverbindlich per E-Mail an <a data-start=\"279\" data-end=\"295\" class=\"cursor-pointer\" rel=\"noopener\">info@aickelin.eu<\/a> oder telefonisch unter 07132 \/ 170 41 60.<\/p>\t\t\t\t\t\t\t\t<\/div>\n\t\t\t\t<\/div>\n\t\t\t\t\t<\/div>\n\t\t<\/div>\n\t\t\t\t\t<\/div>\n\t\t<\/section>\n\t\t\t\t<\/div>\n\t\t","protected":false},"excerpt":{"rendered":"<p>&#8211; Parkett \u2013 Nat\u00fcrlichkeit trifft Eleganz Verleihen Sie Ihrem Zuhause mit echtem Holzboden eine warme und zeitlose Atmosph\u00e4re.\u00a0Unsere Parkettb\u00f6den zeichnen sich durch ihre Langlebigkeit, Pflegeleichtigkeit und nat\u00fcrliche Sch\u00f6nheit aus.\u00a0Ob Eiche, Buche oder Nussbaum \u2013 bei uns finden Sie die passende Holzart f\u00fcr Ihren Raum.\u00a0Dank der M\u00f6glichkeit zur Renovierung durch Abschleifen bleibt Ihr Boden \u00fcber Jahre [&hellip;]<\/p>\n","protected":false},"author":2,"featured_media":0,"parent":0,"menu_order":0,"comment_status":"closed","ping_status":"closed","template":"","meta":{"footnotes":""},"class_list":["post-8018","page","type-page","status-publish","hentry"],"aioseo_notices":[],"_links":{"self":[{"href":"https:\/\/aickelin.eu\/cms\/wp-json\/wp\/v2\/pages\/8018","targetHints":{"allow":["GET"]}}],"collection":[{"href":"https:\/\/aickelin.eu\/cms\/wp-json\/wp\/v2\/pages"}],"about":[{"href":"https:\/\/aickelin.eu\/cms\/wp-json\/wp\/v2\/types\/page"}],"author":[{"embeddable":true,"href":"https:\/\/aickelin.eu\/cms\/wp-json\/wp\/v2\/users\/2"}],"replies":[{"embeddable":true,"href":"https:\/\/aickelin.eu\/cms\/wp-json\/wp\/v2\/comments?post=8018"}],"version-history":[{"count":15,"href":"https:\/\/aickelin.eu\/cms\/wp-json\/wp\/v2\/pages\/8018\/revisions"}],"predecessor-version":[{"id":8317,"href":"https:\/\/aickelin.eu\/cms\/wp-json\/wp\/v2\/pages\/8018\/revisions\/8317"}],"wp:attachment":[{"href":"https:\/\/aickelin.eu\/cms\/wp-json\/wp\/v2\/media?parent=8018"}],"curies":[{"name":"wp","href":"https:\/\/api.w.org\/{rel}","templated":true}]}}